What are the prime factors of 8176?
2, 7, 73
What are the prime factors of 17455?
5, 3491
What are the prime factors of 131614?
2, 7, 17, 79
What are the prime factors of 935?
5, 11, 17
What are the prime factors of 573?
3, 191
List the prime factors of 11662.
2, 7, 17
What are the prime factors of 4879?
7, 17, 41
List the prime factors of 1772.
2, 443
List the prime factors of 2513.
7, 359
What are the prime factors of 1897?
7, 271
What are the prime factors of 4200?
2, 3, 5, 7
List the prime factors of 2242.
2, 19, 59
List the prime factors of 69486.
2, 3, 37, 313
What are the prime factors of 1453?
1453
List the prime factors of 3800.
2, 5, 19
What are the prime factors of 2058?
2, 3, 7
List the prime factors of 6.
2, 3
What are the prime factors of 15544?
2, 29, 67
What are the prime factors of 727?
727
List the prime factors of 912.
2, 3, 19
List the prime factors of 10.
2, 5
List the prime factors of 7365.
3, 5, 491
List the prime factors of 154298.
2, 179, 431
What are the prime factors of 33?
3, 11
What are the prime factors of 4686?
2, 3, 11, 71
List the prime factors of 15213.
3, 11, 461
What are the prime factors of 87083?
87083
List the prime factors of 256.
2
What are the prime factors of 391?
17, 23
List the prime factors of 8514.
2, 3, 11, 43
What are the prime factors of 16879?
16879
List the prime factors of 111369.
3, 37123
List the prime factors of 71047.
23, 3089
List the prime factors of 3067.
3067
List the prime factors of 20371.
13, 1567
What are the prime factors of 1102?
2, 19, 29
What are the prime factors of 35178?
2, 3, 11, 13, 41
List the prime factors of 11197.
11197
What are the prime factors of 93235?
5, 29, 643
List the prime factors of 42553.
7, 6079
List the prime factors of 3885.
3, 5, 7, 37
What are the prime factors of 22271?
22271
List the prime factors of 513.
3, 19
List the prime factors of 52897.
13, 313
List the prime factors of 30369.
3, 53, 191
What are the prime factors of 74360?
2, 5, 11, 13
List the prime factors of 1924.
2, 13, 37
List the prime factors of 15873.
3, 11, 13, 37
What are the prime factors of 15825?
3, 5, 211
What are the prime factors of 28605?
3, 5, 1907
What are the prime factors of 3436?
2, 859
What are the prime factors of 2598?
2, 3, 433
What are the prime factors of 9520?
2, 5, 7, 17
What are the prime factors of 26928?
2, 3, 11, 17
List the prime factors of 2318.
2, 19, 61
List the prime factors of 44945.
5, 89, 101
What are the prime factors of 63927?
3, 7103
What are the prime factors of 16407?
3, 1823
What are the prime factors of 117167?
117167
What are the prime factors of 38068?
2, 31, 307
What are the prime factors of 1811?
1811
What are the prime factors of 2475?
3, 5, 11
What are the prime factors of 23695?
5, 7, 677
What are the prime factors of 6342?
2, 3, 7, 151
List the prime factors of 38.
2, 19
What are the prime factors of 18861?
3, 6287
List the prime factors of 4504.
2, 563
List the prime factors of 17256.
2, 3, 719
List the prime factors of 616.
2, 7, 11
List the prime factors of 6240.
2, 3, 5, 13
List the prime factors of 9474.
2, 3, 1579
What are the prime factors of 1408?
2, 11
List the prime factors of 2340.
2, 3, 5, 13
What are the prime factors of 4974?
2, 3, 829
What are the prime factors of 51?
3, 17
What are the prime factors of 13904?
2, 11, 79
List the prime factors of 68149.
23, 2963
List the prime factors of 8455.
5, 19, 89
What are the prime factors of 2432?
2, 19
List the prime factors of 2236.
2, 13, 43
What are the prime factors of 4523?
4523
What are the prime factors of 9257?
9257
What are the prime factors of 38637?
3, 53
List the prime factors of 81207.
3, 7, 1289
List the prime factors of 315.
3, 5, 7
What are the prime factors of 6561?
3
List the prime factors of 1403.
23, 61
What are the prime factors of 1427?
1427
What are the prime factors of 40529?
40529
List the prime factors of 38023.
47, 809
What are the prime factors of 25062?
2, 3, 4177
What are the prime factors of 17478?
2, 3, 971
List the prime factors of 2957.
2957
What are the prime factors of 71706?
2, 3, 17, 19, 37
What are the prime factors of 20781?
3, 2309
What are the prime factors of 41632?
2, 1301
List the prime factors of 1907.
1907
List the prime factors of 19634.
2, 9817
List the prime factors of 13896.
2, 3, 193
List the prime factors of 17439.
3, 5813
What are the prime factors of 2298?
2, 3, 383
List the prime factors of 1770.
2, 3, 5, 59
List the prime factors of 14277.
3, 4759
What are the prime factors of 18505?
5, 3701
What are the prime factors of 1023?
3, 11, 31
List the prime factors of 72163.
7, 13, 61
What are the prime factors of 707?
7, 101
What are the prime factors of 3821?
3821
List the prime factors of 279.
3, 31
What are the prime factors of 127685?
5, 25537
List the prime factors of 952.
2, 7, 17
What are the prime factors of 507?
3, 13
What are the prime factors of 11084?
2, 17, 163
List the prime factors of 2426.
2, 1213
What are the prime factors of 1438?
2, 719
List the prime factors of 41002.
2, 13, 19, 83
What are the prime factors of 966?
2, 3, 7, 23
List the prime factors of 137506.
2, 197, 349
What are the prime factors of 809?
809
What are the prime factors of 3240?
2, 3, 5
List the prime factors of 35070.
2, 3, 5, 7, 167
List the prime factors of 4431.
3, 7, 211
List the prime factors of 64360.
2, 5, 1609
What are the prime factors of 18542?
2, 73, 127
List the prime factors of 7792.
2, 487
What are the prime factors of 15497?
15497
What are the prime factors of 1065?
3, 5, 71
List the prime factors of 6752.
2, 211
List the prime factors of 37197.
3, 4133
List the prime factors of 2832.
2, 3, 59
What are the prime factors of 676?
2, 13
List the prime factors of 13201.
43, 307
List the prime factors of 7658.
2, 7, 547
What are the prime factors of 56854?
2, 7, 31, 131
What are the prime factors of 98904?
2, 3, 13, 317
List the prime factors of 12389.
13, 953
What are the prime factors of 29107?
13, 2239
List the prime factors of 32.
2
List the prime factors of 18330.
2, 3, 5, 13, 47
What are the prime factors of 131152?
2, 7, 1171
What are the prime factors of 3103?
29, 107
What are the prime factors of 746?
2, 373
What are the prime factors of 2359?
7, 337
List the prime factors of 1156.
2, 17
List the prime factors of 18708.
2, 3, 1559
What are the prime factors of 1188?
2, 3, 11
What are the prime factors of 26302?
2, 13151
What are the prime factors of 19695?
3, 5, 13, 101
What are the prime factors of 19830?
2, 3, 5, 661
What are the prime factors of 131677?
7, 13, 1447
List the prime factors of 35767.
47, 761
What are the prime factors of 14521?
13, 1117
What are the prime factors of 37821?
3, 7, 1801
What are the prime factors of 1921?
17, 113
List the prime factors of 2507.
23, 109
What are the prime factors of 5188?
2, 1297
What are the prime factors of 56144?
2, 11, 29
What are the prime factors of 816?
2, 3, 17
What are the prime factors of 389?
389
List the prime factors of 27514.
2, 13757
What are the prime factors of 545?
5, 109
List the prime factors of 5710.
2, 5, 571
What are the prime factors of 996?
2, 3, 83
What are the prime factors of 403?
13, 31
What are the prime factors of 10221?
3, 3407
What are the prime factors of 4571?
7, 653
What are the prime factors of 21449?
89, 241
What are the prime factors of 1979?
1979
List the prime factors of 17561.
17, 1033
What are the prime factors of 156294?
2, 3, 19, 457
List the prime factors of 9099.
3, 337
List the prime factors of 5946.
2, 3, 991
What are the prime factors of 6295?
5, 1259
List the prime factors of 1353.
3, 11, 41
What are the prime factors of 2218?
2, 1109
What are the prime factors of 127771?
7, 18253
List the prime factors of 66700.
2, 5, 23, 29
List the prime factors of 68.
2, 17
List the prime factors of 3329.
3329
List the prime factors of 7919.
7919
What are the prime factors of 687?
3, 229
What are the prime factors of 935?
5, 11, 17
What are the prime factors of 9120?
2, 3, 5, 19
List the prime factors of 4768.
2, 149
List the prime factors of 608.
2, 19
What are the prime factors of 6378?
2, 3, 1063
What are the prime factors of 94226?
2, 11, 4283
List the prime factors of 11138.
2, 5569
List the prime factors of 374.
2, 11, 17
List 